s p(-4)?
2
Let l(y) = -4*y**2 - 4*y - 7. Determine l(-3).
-31
Let z(r) = -r**2 - 6*r - 7. Determine z(-2).
1
Let c(j) = j**2 - 26*j + 123. Give c(17).
-30
Let h(o) = -o - 16. Determine h(0).
-16
Let i(z) = -z**3 + 14*z**2 + 8. What is i(14)?
8
Let t(m) = m**3 + 17*m**2 - m - 2. Calculate t(-17).
15
Let u(o) = o**2 + o + 4. Give u(-3).
10
Let j(x) = -5*x + 13. Give j(10).
-37
Let c(j) = 2*j**3 - 27*j**2 + 21*j - 9. What is c(13)?
95
Let c(o) = o - 5. What is c(4)?
-1
Let t(y) = y**3 - 14*y**2 - 30*y - 21. Calculate t(16).
11
Let j(k) = k**3 + 8*k**2 + 10*k + 5. Give j(-7).
-16
Let h(o) = -67*o + 610. Give h(9).
7
Let w(j) = -15*j - 167. Calculate w(-11).
-2
Let l(z) = z**3 - 2*z**2 - 4*z - 3. What is l(4)?
13
Let t(u) = -u**2 + 9*u + 33. Calculate t(-4).
-19
Let o(u) = u**3 + 7*u**2 + 6*u + 9. Give o(-6).
9
Let m(g) = 3*g - 22. Calculate m(12).
14
Let z(t) = 15*t - 224. Give z(15).
1
Let o(l) = l**3 + 51*l**2 + 98*l - 4. What is o(-49)?
-4
Let g(v) = 2*v**3 - 2*v**2 - 3*v + 1. Determine g(3).
28
Let q(u) = 81*u + 242. Calculate q(-3).
-1
Let n(x) = -x**3 - x**2 - 49*x - 93. Determine n(-2).
9
Let d(g) = 2*g**2 - 4*g - 3. What is d(6)?
45
Let k(m) = m**3 - 14*m**2 + 16*m - 21. What is k(13)?
18
Let v(h) = 4*h**2 - 1. Determine v(-3).
35
Let a(p) = p**2 - 10*p + 3. Calculate a(11).
14
Let c(k) = 3*k + 62. What is c(-19)?
5
Let z(t) = -t + 3. Calculate z(-5).
8
Let g(d) = -d**2 + 8*d + 4. What is g(9)?
-5
Let b(m) = m**2 + 25*m + 7. What is b(0)?
7
Let j(g) = -2*g**2 + 46*g + 35. What is j(24)?
-13
Let p(l) = -6*l + 4. What is p(-3)?
22
Let s(f) = -18*f + 858. What is s(48)?
-6
Let a(g) = -g**3 + 11*g**2 + 43*g - 24. What is a(14)?
-10
Let c(s) = 5*s + 14. What is c(-3)?
-1
Let g(p) = -p**2 + 14*p - 27. Calculate g(12).
-3
Let q(n) = -40*n + 20. Determine q(1).
-20
Let a(i) = -22*i - 11. Calculate a(-2).
33
Let q(f) = -3*f**2 - f - 7. Calculate q(-4).
-51
Let u(m) = -m**2 + 25*m - 114. Give u(19).
0
Let z(v) = -2*v**2 + 13*v - 17. What is z(4)?
3
Let l(g) = -5*g - 34. Give l(0).
-34
Let f(x) = x**3 - 8*x**2 - 11*x + 12. Give f(9).
-6
Let j(q) = 22*q**2 + q - 1. Calculate j(1).
22
Let u(c) = -c**2 + 4*c - 6. Calculate u(5).
-11
Let c(h) = h**2 + 12*h - 4. Give c(0).
-4
Let l(z) = -38*z**3 + z + 1. Give l(-1).
38
Let m(a) = -a**2 - 12*a - 31. Determine m(-5).
4
Let f(b) = b**3 + 6*b**2 - 7*b + 3. Determine f(-7).
3
Let x(s) = -172*s**3 - s**2 + 2*s - 1. Determine x(1).
-172
Let k(d) = d**3 - 8*d**2 + 5*d - 16. What is k(8)?
24
Let d(x) = 4*x**2 - x + 1. Give d(3).
34
Let n(o) = -2*o**2 - 9*o - 18. What is n(-4)?
-14
Let m(u) = -u**3 + 41*u**2 - 41*u + 40. Calculate m(40).
0
Let i(w) = w**2 + 2*w + 39. Determine i(-5).
54
Let m(o) = o**3 + 17*o**2 - 18*o + 5. Calculate m(-18).
5
Let j(a) = 14*a - 5. Determine j(2).
23
Let d(s) = s**2 + 13*s - 39. Determine d(-16).
9
Let t(g) = g**2 - 3*g - 18. Determine t(4).
-14
Let x(v) = v**3 - 20*v**2 + 22*v - 55. What is x(19)?
2
Let s(r) = r**2 - 17*r - 30. Give s(17).
-30
Let g(n) = -4*n + 7. Calculate g(-6).
31
Let h(x) = 2*x**2 - 51*x + 60. Give h(24).
-12
Let x(g) = -7*g**2 + 84*g + 11. Give x(12).
11
Let y(h) = -8*h**3 - 2*h**2 + h. Calculate y(1).
-9
Let n(g) = g + 28. Calculate n(-23).
5
Let b(v) = v**3 + 16*v**2 + 14*v - 22. Calculate b(-15).
-7
Let r(m) = -m**3 - 3*m**2 + 8*m + 9. Give r(-4).
-7
Let c(n) = n**2 + 3*n - 13. Calculate c(-6).
5
Let r(a) = 14*a + 4. What is r(-3)?
-38
Let n(f) = 2*f**2 - 10*f + 15. Calculate n(2).
3
Let v(o) = o**3 - 10*o**2 + 3*o - 33. Determine v(10).
-3
Let u(c) = -c**2 + 32*c + 5. Calculate u(32).
5
Let f(l) = -3*l**2 + 4*l + 5. Calculate f(4).
-27
Let s(j) = 2*j**3 + 5*j**2 + 5*j + 21. What is s(-4)?
-47
Let n(k) = -3*k**2 - 27*k - 7. What is n(-9)?
-7
Let r(i) = 3*i + 1. What is r(7)?
22
Let w(q) = 2*q - 12. Determine w(7).
2
Let t(a) = -11*a + 34. Give t(3).
1
Let o(m) = -m**2 + m. Calculate o(-6).
-42
Let w(s) = -s**2 + 11*s - 12. Calculate w(10).
-2
Let g(x) = -x**3 + 6*x**2 + 4. Calculate g(6).
4
Let p(l) = -5*l + 1. Determine p(1).
-4
Let c(y) = -7*y + 226. Calculate c(32).
2
Let f(t) = -3*t**2 + 39*t + 14. Give f(13).
14
Let l(w) = -w**2 + 19*w - 58. Give l(14).
12
Let d(o) = 35*o + 350. What is d(-10)?
0
Let k(i) = -2*i**2 - 25*i - 27. What is k(-11)?
6
Let h(u) = -u**2 - 5*u - 2. Give h(-3).
4
Let a(n) = -3*n**2 + 11*n - 2. Determine a(3).
4
Let s(i) = 6*i**2 - i + 2. Determine s(-3).
59
Let w(b) = b**2 - 5*b - 7. Calculate w(6).
-1
Let v(d) = 40*d**3 + d**2 - d. Give v(1).
40
Let p(y) = -3*y - 63. Give p(10).
-93
Let x(t) = t**3 + 18*t**2 - 19*t + 8. Give x(-19).
8
Let m(w) = w**3 + 5*w**2 + 6*w - 2. Determine m(-3).
-2
Let h(m) = -3*m**2 + 5*m + 4. Determine h(5).
-46
Let g(c) = -3*c - 65. Give g(-15).
-20
Let l(q) = -2*q**3 - 3*q**2 + 3*q - 3. What is l(-3)?
15
Let b(l) = l + 1. What is b(9)?
10
Let a(j) = -6*j - 143. Determine a(-16).
-47
Let z(q) = q**2 - q - 11. What is z(6)?
19
Let k(s) = -s**3 - 5*s**2 + 6. Determine k(-5).
6
Let z(p) = 19*p + 2. What is z(1)?
21
Let j(b) = 3*b + 59. Determine j(-18).
5
Let z(s) = 2*s + 20. Determine z(-14).
-8
Let m(z) = z**3 + 5*z**2 + 10. Determine m(-5).
10
Let x(s) = s**3 - 31*s**2 + 28*s + 66. Calculate x(30).
6
Let i(p) = -p**3 - 20*p**2 - 67*p - 53. What is i(-16)?
-5
Let o(g) = -g**3 + 22*g**2 - 61*g + 66. Determine o(19).
-10
Let s(g) = g**2 + 3*g - 10. What is s(-5)?
0
Let u(b) = -b**3 - b**2 + 31. Calculate u(0).
31
Let o(a) = -a**3 + 26*a**2 - 46*a - 28. Calculate o(24).
20
Let l(c) = -c - 13. Give l(-5).
-8
Let o(p) = 13*p**3 - p**2 + 2*p - 1. Calculate o(1).
13
Let o(t) = t**3 + 7*t**2 + 7*t - 3. What is o(-6)?
-9
Let o(g) = g**2 - 6*g + 5. Give o(4).
-3
Let k(f) = -f + 2. What is k(-10)?
12
Let b(l) = -3*l - 6. What is b(-3)?
3
Let i(g) = 2*g**3 - 20*g**2 - 2*g + 19. Give i(10).
-1
Let g(h) = -h**2 - 11*h + 7. What is g(-12)?
-5
Let c(x) = -x**2 + 5*x + 1. Calculate c(5).
1
Let y(h) = 37*h + 39. What is y(-1)?
2
Let z(h) = h - 1. What is z(-3)?
-4
Let p(c) = 13*c + 1. Determine p(0).
1
Let g(j) = 12*j + 6. What is g(-7)?
-78
Let i(q) = -2*q**2 - 3. Give i(-4).
-35
Let n(x) = x + 6. Determine n(-6).
0
Let v(l) = -5*l - 15. What is v(-10)?
35
Let m(i) = -i - 2. Calculate m(-1).
-1
Let c(u) = u**3 + 6*u**2 + 2*u + 4. What is c(-3)?
25
Let t(m) = -m**3 + 5*m**2 + m + 5. Calculate t(4).
25
Let i(p) = -p**2 - p + 5. What is i(-8)?
-51
Let r(j) = j**2 + 15*j + 19. Give r(-14).
5
Let m(v) = v**3 + 2*v**2 - 31*v - 37. Determine m(-6).
5
Let l(i) = i**3 + 2*i**2 + 4*i - 5. Give l(2).
19
Let a(t) = t**2 - 4*t - 15. What is a(11)?
62
Let d(c) = c**3 - 5*c**2 + 7*c - 2. Calculate d(3).
1
Let a(y) = 3*y**2 + 5*y + 1. Calculate a(-4).
29
Let u(o) = o**2 - 9*o - 59. Determine u(15).
31
Let i(v) = -v**2 + 2*v - 35. What is i(0)?
-35
Let s(y) = 2*y + 8. What is s(-5)?
-2
Let c(m) = 4*m**3 - 12*m**2 + 10*m + 2. What is c(1)?
4
Let v(k) = k**2 + 6*k - 82. Calculate v(-13).
9
Let p(c) = 3*c + 42. Give p(-12).
6
Let f(w) = -2*w**2 + 5*w - 4. Give f(4).
-16
Let r(d) = 2*d**3 + 4*d**2 + 8*d + 9. Give r(-4).
-87
Let f(s) = s**3 + 12*s**2 - 17*s - 51. Determine f(-13).
1
Let r(m) = -3*m**2 - 21*m - 43. Determine r(-2).
-13
Let z(y) = 12*y - 1. Determine z(-1).
-13
Let b(g) = g**3 - 17*g**2 + 17*g - 23. What is b(16)?
-7
Let v(j) = 6*j**2 - 10*j - 4. What is v(3)?
20
Let j(l) = 3*l**2 + l - 2. What is j(2)?
12
Let v(i) = 10*i - 23. What is v(3)?
7
Let i(c) = 2*c - 9. Calculate i(4).
-1
Let y(q) = -4*q**3 + 8*q**2 + 5*q - 7. Give y(2).
3
Let q(t) = -46*t**2 + 4*t + 4. Calculate q(-1).
-46
Let w(z) = -4*z - 8. What is w(-7)?
20
Let b(j) = -2*j**2 + 4*j - 3. Give b(-4).
-51
Let a(k) = k**3 + 6*k**2 + 2*k + 4. What is a(-5)?
19
Let f(m) = m**2 - 3*m - 8. What is f(4)?
-4
Let n(t) = -4*t + 3. Give n(-5).
23
Let t(x) = -x**2 + x + 19. Calculate t(0).
19
Let k(r) = r**2 + 14*r + 48. Determine k(-8).
0
Let q(s) = -s + 2. Determine q(2).
0
Let s(z) = z**2 - 9*z - 52. What is s(14)?
18
Let z(r) = -r**3 - 6*r**2 + 7*r + 2. Determine z(-7).
2
Let f(j) = -10*j + 5. Calculate f(1).
-5
Let f(t) = -t**2 + 11*t - 10. Calculate f(4).
18
Let n(a) = a**2 - 4*a + 1. Determine n(3).
-2
Let w(g) = -g - 1. Calculate w(-1).
0
Let a(w) = -w**3 - 15*w**2 + 33*w + 13. Calculate a(-17).
30
Let m(r) = -43*r + 78. Calculate m(2).
-8
Let a(o) = 9*o**2 + 1